ided by 2130.
2129
Calculate the remainder when 5565044 is divided by 327355.
9
Calculate the remainder when 1250944 is divided by 7131.
3019
Calculate the remainder when 36932 is divided by 986.
450
Calculate the remainder when 1132098 is divided by 9201.
375
Calculate the remainder when 1548407 is divided by 1486.
1481
What is the remainder when 8605459 is divided by 805?
9
Calculate the remainder when 719463 is divided by 35969.
83
What is the remainder when 436289 is divided by 62?
57
Calculate the remainder when 14754059 is divided by 57859.
14
Calculate the remainder when 2639980 is divided by 85.
50
What is the remainder when 430244 is divided by 166?
138
What is the remainder when 4780717 is divided by 7?
4
What is the remainder when 54812623 is divided by 46?
35
Calculate the remainder when 34425 is divided by 2144.
121
What is the remainder when 1903963 is divided by 261?
229
What is the remainder when 7087342 is divided by 220?
42
What is the remainder when 990773 is divided by 11937?
2
What is the remainder when 27648 is divided by 13692?
264
Calculate the remainder when 842481 is divided by 1889.
1876
What is the remainder when 10114029 is divided by 1298?
13
What is the remainder when 28712 is divided by 1842?
1082
What is the remainder when 45216 is divided by 7?
3
Calculate the remainder when 715436 is divided by 2572.
420
What is the remainder when 16860 is divided by 6903?
3054
What is the remainder when 44767729 is divided by 301?
300
What is the remainder when 1502360 is divided by 4739?
97
Calculate the remainder when 8441804 is divided by 7.
0
What is the remainder when 252506 is divided by 50392?
546
Calculate the remainder when 14906229 is divided by 29.
26
Calculate the remainder when 147506256 is divided by 17.
10
What is the remainder when 133284 is divided by 10249?
47
What is the remainder when 782421 is divided by 173?
115
What is the remainder when 739302 is divided by 63?
60
What is the remainder when 560406 is divided by 559990?
416
What is the remainder when 19567 is divided by 5213?
3928
Calculate the remainder when 13495347 is divided by 275415.
12
Calculate the remainder when 1175566 is divided by 9230.
3356
Calculate the remainder when 454290 is divided by 90854.
20
What is the remainder when 2587217 is divided by 62?
19
What is the remainder when 4328072 is divided by 1594?
362
Calculate the remainder when 14496506 is divided by 778.
32
What is the remainder when 27969744 is divided by 2769?
75
What is the remainder when 11601402 is divided by 1657338?
36
Calculate the remainder when 20926562 is divided by 130791.
2
What is the remainder when 2793976 is divided by 69?
28
Calculate the remainder when 3313197 is divided by 15.
12
What is the remainder when 393050721 is divided by 56150103?
0
What is the remainder when 107812 is divided by 7700?
12
What is the remainder when 8960 is divided by 8527?
433
What is the remainder when 2045091 is divided by 5396?
7
Calculate the remainder when 4395173 is divided by 170.
163
Calculate the remainder when 12381 is divided by 4561.
3259
What is the remainder when 31638 is divided by 13368?
4902
What is the remainder when 621974536 is divided by 6?
4
Calculate the remainder when 1796478 is divided by 566.
560
Calculate the remainder when 219910989 is divided by 178.
177
Calculate the remainder when 274731 is divided by 380.
371
Calculate the remainder when 63507 is divided by 880.
147
Calculate the remainder when 3051355 is divided by 3120.
3115
Calculate the remainder when 8304054 is divided by 8.
6
Calculate the remainder when 233746 is divided by 490.
16
What is the remainder when 3472233 is divided by 20?
13
What is the remainder when 703741 is divided by 58606?
469
Calculate the remainder when 796248 is divided by 1355.
863
What is the remainder when 1916934 is divided by 382?
58
Calculate the remainder when 207692 is divided by 4876.
2900
Calculate the remainder when 509729 is divided by 8256.
6113
What is the remainder when 114419 is divided by 1838?
463
Calculate the remainder when 337789 is divided by 3882.
55
What is the remainder when 3883120 is divided by 2911?
2757
Calculate the remainder when 1350707 is divided by 71087.
54
Calculate the remainder when 171179588 is divided by 3362.
3358
Calculate the remainder when 43481685 is divided by 21740838.
9
What is the remainder when 63251 is divided by 3124?
771
Calculate the remainder when 28036 is divided by 27450.
586
Calculate the remainder when 77023 is divided by 2877.
2221
Calculate the remainder when 2843823 is divided by 710657.
1195
Calculate the remainder when 54629 is divided by 2331.
1016
What is the remainder when 407802 is divided by 891?
615
What is the remainder when 33826831 is divided by 13?
12
What is the remainder when 17131 is divided by 14963?
2168
What is the remainder when 151120 is divided by 636?
388
Calculate the remainder when 2625835 is divided by 42.
37
What is the remainder when 14172361 is divided by 1929?
1927
What is the remainder when 292394 is divided by 31071?
12755
What is the remainder when 1629161 is divided by 541844?
3629
What is the remainder when 22559 is divided by 9486?
3587
Calculate the remainder when 33991269 is divided by 33991248.
21
Calculate the remainder when 87323171 is divided by 29107702.
65
Calculate the remainder when 31256343 is divided by 27636.
27
What is the remainder when 2387990 is divided by 49749?
38
What is the remainder when 620669 is divided by 634?
617
Calculate the remainder when 11821179 is divided by 137.
134
What is the remainder when 3332051 is divided by 105?
86
What is the remainder when 421332 is divided by 16168?
964
What is the remainder when 4215156 is divided by 81?
78
What is the remainder when 15384138 is divided by 395?
73
What is the remainder when 148127 is divided by 677?
541
Calculate the remainder when 4463566 is divided by 9128.
9102
What is the remainder when 23339816 is divided by 35?
31
Calculate the remainder when 1141180 is divided by 1.
0
Calculate the remainder when 27845418 is divided by 36.
30
What is the remainder when 503015 is divided by 83834?
11
What is the remainder when 159871 is divided by 1150?
21
Calculate the remainder when 1577727 is divided by 788819.
89
Calculate the remainder when 4642781 is divided by 5789.
3
Calculate the remainder when 19669 is divided by 3266.
73
Calculate the remainder when 106225 is divided by 334.
13
What is the remainder when 19954893 is divided by 1428?
21
Calculate the remainder when 10498318 is divided by 5249155.
8
Calculate the remainder when 1606929 is divided by 114776.
65
Calculate the remainder when 152011 is divided by 121.
35
Calculate the remainder when 911498 is divided by 27621.
5
What is the remainder when 15575401 is divided by 1020?
1
What is the remainder when 464789 is divided by 16?
5
Calculate the remainder when 300341548 is divided by 6199.
6197
What is the remainder when 1203172 is divided by 601381?
410
Calculate the remainder when 3577712 is divided by 149069.
56
What is the remainder when 3703270 is divided by 9?
4
What is the remainder when 52985708 is divided by 137?
136
What is the remainder when 7990 is divided by 347?
9
Calculate the remainder when 2381055 is divided by 170073.
33
Calculate the remainder when 413040 is divided by 75.
15
What is the remainder when 575880 is divided by 33?
30
Calculate the remainder when 134326 is divided by 4178.
630
What is the remainder when 10667620 is divided by 2683?
12
What is the remainder when 8091886 is divided by 8091710?
176
What is the remainder when 8410333 is divided by 1263?
16
What is the remainder when 1839533 is divided by 459809?
297
What is the remainder when 477021 is divided by 1136?
1037
What is the remainder when 798158 is divided by 20450?
608
What is the remainder when 15411863 is divided by 4311?
38
What is the remainder when 6722722 is divided by 75536?
18
Calculate the remainder when 106040823 is divided by 256.
247
Calculate the remainder when 198607 is divided by 28352.
143
Calculate the remainder when 1662829 is divided by 2001.
1999
Calculate the remainder when 237254 is divided by 751.
689
What is the remainder when 365731 is divided by 1589?
261
What is the remainder whe